{"id":1869,"date":"2024-04-02T17:38:00","date_gmt":"2024-04-02T14:38:00","guid":{"rendered":"https:\/\/evrenmirainsaat.com\/?page_id=1869"},"modified":"2024-12-13T15:54:01","modified_gmt":"2024-12-13T12:54:01","slug":"hakkimizda","status":"publish","type":"page","link":"https:\/\/evrenmirainsaat.com\/?page_id=1869","title":{"rendered":"Hakk\u0131m\u0131zda"},"content":{"rendered":"\t\t<div data-elementor-type=\"wp-page\" data-elementor-id=\"1869\" class=\"elementor elementor-1869\">\n\t\t\t\t\t\t<section class=\"elementor-section elementor-top-section elementor-element elementor-element-400742f2 elementor-section-full_width elementor-section-stretched elementor-section-height-default elementor-section-height-default\" data-id=\"400742f2\" data-element_type=\"section\" data-e-type=\"section\" data-settings=\"{&quot;stretch_section&quot;:&quot;section-stretched&quot;}\">\n\t\t\t\t\t\t<div class=\"elementor-container elementor-column-gap-no\">\n\t\t\t\t\t<div class=\"elementor-column elementor-col-100 elementor-top-column elementor-element elementor-element-5d063d7f\" data-id=\"5d063d7f\" data-element_type=\"column\" data-e-type=\"column\">\n\t\t\t<div class=\"elementor-widget-wrap\">\n\t\t\t\t\t\t\t<\/div>\n\t\t<\/div>\n\t\t\t\t\t<\/div>\n\t\t<\/section>\n\t\t<div class=\"elementor-element elementor-element-e8b6fc4 e-flex e-con-boxed e-con e-parent\" data-id=\"e8b6fc4\" data-element_type=\"container\" data-e-type=\"container\">\n\t\t\t\t\t<div class=\"e-con-inner\">\n\t\t\t\t<div class=\"elementor-element elementor-element-8a3daaa elementor-widget elementor-widget-spacer\" data-id=\"8a3daaa\" data-element_type=\"widget\" data-e-type=\"widget\" data-widget_type=\"spacer.default\">\n\t\t\t\t<div class=\"elementor-widget-container\">\n\t\t\t\t\t\t\t<div class=\"elementor-spacer\">\n\t\t\t<div class=\"elementor-spacer-inner\"><\/div>\n\t\t<\/div>\n\t\t\t\t\t\t<\/div>\n\t\t\t\t<\/div>\n\t\t\t\t\t<\/div>\n\t\t\t\t<\/div>\n\t\t\t\t<section class=\"elementor-section elementor-top-section elementor-element elementor-element-25b2df1a elementor-section-full_width elementor-section-stretched elementor-section-height-default elementor-section-height-default\" data-id=\"25b2df1a\" data-element_type=\"section\" data-e-type=\"section\" data-settings=\"{&quot;stretch_section&quot;:&quot;section-stretched&quot;}\">\n\t\t\t\t\t\t<div class=\"elementor-container elementor-column-gap-no\">\n\t\t\t\t\t<div class=\"elementor-column elementor-col-100 elementor-top-column elementor-element elementor-element-25bbb47d\" data-id=\"25bbb47d\" data-element_type=\"column\" data-e-type=\"column\">\n\t\t\t<div class=\"elementor-widget-wrap elementor-element-populated\">\n\t\t\t\t\t\t<div class=\"elementor-element elementor-element-60111044 elementor-widget elementor-widget-sina_banner_slider\" data-id=\"60111044\" data-element_type=\"widget\" data-e-type=\"widget\" data-widget_type=\"sina_banner_slider.default\">\n\t\t\t\t<div class=\"elementor-widget-container\">\n\t\t\t\t\t\t\t<div class=\"sina-banner-slider owl-carousel\"\r\n\t\tdata-autoplay=\"yes\"\r\n\t\tdata-pause=\"yes\"\r\n\t\tdata-nav=\"yes\"\r\n\t\tdata-dots=\"yes\"\r\n\t\tdata-mouse-drag=\"yes\"\r\n\t\tdata-touch-drag=\"yes\"\r\n\t\tdata-loop=\"yes\"\r\n\t\tdata-speed=\"\"\r\n\t\tdata-part-anim=\"yes\"\r\n\t\tdata-delay=\"5000\">\r\n\r\n\t\t\t\t\t\t\t<div class=\"sina-slider-content sina-bg-cover\" style=\"background-image: url(https:\/\/evrenmirainsaat.com\/wp-content\/uploads\/2024\/12\/city-civil-planning-real-estate-development-scaled.jpg);\">\r\n\t\t\t\t\t\t\t\t\t\t\t<div class=\"sina-overlay\"><\/div>\r\n\t\t\t\t\t\r\n\t\t\t\t\t<div class=\"sina-banner-container elementor-repeater-item-dc4fb86\">\r\n\r\n\t\t\t\t\t\t\t\t\t\t\t\t\t\t\t\t\t\t\t\t<h1 class=\"sina-banner-title sina-anim-invisible\" data-animation=\"animated zoomIn\">Bu alanda EVREN M\u0130RA hakk\u0131nda Bilgi Edinebilirsiniz.<\/h1>\t\t\t\t\t\t\r\n\t\t\t\t\t\t\r\n\t\t\t\t\t\t\r\n\t\t\t\t\t\t\t\t\t\t\t\t\t<div class=\"sina-banner-btns sina-anim-invisible\" data-animation=\"animated fadeInUp\">\r\n\t\t\t\t\t\t\t\t\t\t\t\t\t\t\t\t\t<a class=\"sina-banner-pbtn   \"\r\n\t\t\t\t\t\t\t\t\t\t\t\t\t\t\t\t\t\thref=\"#kullanim\"\r\n\t\t\t\t\t\t\t\t\t\t\t\t\t\t\t\t\t\t>\r\n\t\t\t\t\t\t\t\t\t\t\t\tDaha Fazla Bilgi\t\t\t\t\t\t\t\t\t\t\t<\/a>\r\n\t\t\t\t\t\t\t\t\r\n\t\t\t\t\t\t\t\t\t\t\t\t\t\t\t<\/div>\r\n\t\t\t\t\t\t\t\t\t\t\t<\/div>\r\n\t\t\t\t<\/div>\r\n\t\t\t\t\t<\/div><!-- .sina-banner-slider -->\r\n\t\t\t\t\t\t<\/div>\n\t\t\t\t<\/div>\n\t\t\t\t\t<\/div>\n\t\t<\/div>\n\t\t\t\t\t<\/div>\n\t\t<\/section>\n\t\t\t\t<section class=\"elementor-section elementor-top-section elementor-element elementor-element-6c03ecac elementor-section-stretched elementor-section-full_width elementor-section-height-default elementor-section-height-default\" data-id=\"6c03ecac\" data-element_type=\"section\" data-e-type=\"section\" data-settings=\"{&quot;background_background&quot;:&quot;classic&quot;,&quot;shape_divider_top&quot;:&quot;waves&quot;,&quot;shape_divider_top_negative&quot;:&quot;yes&quot;,&quot;shape_divider_bottom&quot;:&quot;waves&quot;,&quot;shape_divider_bottom_negative&quot;:&quot;yes&quot;,&quot;stretch_section&quot;:&quot;section-stretched&quot;}\">\n\t\t\t\t\t<div class=\"elementor-shape elementor-shape-top\" aria-hidden=\"true\" data-negative=\"true\">\n\t\t\t<svg xmlns=\"http:\/\/www.w3.org\/2000\/svg\" viewBox=\"0 0 1000 100\" preserveAspectRatio=\"none\">\n\t<path class=\"elementor-shape-fill\" d=\"M790.5,93.1c-59.3-5.3-116.8-18-192.6-50c-29.6-12.7-76.9-31-100.5-35.9c-23.6-4.9-52.6-7.8-75.5-5.3\n\tc-10.2,1.1-22.6,1.4-50.1,7.4c-27.2,6.3-58.2,16.6-79.4,24.7c-41.3,15.9-94.9,21.9-134,22.6C72,58.2,0,25.8,0,25.8V100h1000V65.3\n\tc0,0-51.5,19.4-106.2,25.7C839.5,97,814.1,95.2,790.5,93.1z\"\/>\n<\/svg>\t\t<\/div>\n\t\t\t\t<div class=\"elementor-shape elementor-shape-bottom\" aria-hidden=\"true\" data-negative=\"true\">\n\t\t\t<svg xmlns=\"http:\/\/www.w3.org\/2000\/svg\" viewBox=\"0 0 1000 100\" preserveAspectRatio=\"none\">\n\t<path class=\"elementor-shape-fill\" d=\"M790.5,93.1c-59.3-5.3-116.8-18-192.6-50c-29.6-12.7-76.9-31-100.5-35.9c-23.6-4.9-52.6-7.8-75.5-5.3\n\tc-10.2,1.1-22.6,1.4-50.1,7.4c-27.2,6.3-58.2,16.6-79.4,24.7c-41.3,15.9-94.9,21.9-134,22.6C72,58.2,0,25.8,0,25.8V100h1000V65.3\n\tc0,0-51.5,19.4-106.2,25.7C839.5,97,814.1,95.2,790.5,93.1z\"\/>\n<\/svg>\t\t<\/div>\n\t\t\t\t\t<div class=\"elementor-container elementor-column-gap-no\">\n\t\t\t\t\t<div class=\"elementor-column elementor-col-100 elementor-top-column elementor-element elementor-element-7153936e\" data-id=\"7153936e\" data-element_type=\"column\" data-e-type=\"column\">\n\t\t\t<div class=\"elementor-widget-wrap elementor-element-populated\">\n\t\t\t\t\t\t<div class=\"elementor-element elementor-element-7f5a1efa animated-slow elementor-invisible elementor-widget elementor-widget-heading\" data-id=\"7f5a1efa\" data-element_type=\"widget\" data-e-type=\"widget\" data-settings=\"{&quot;_animation&quot;:&quot;fadeInUp&quot;}\" data-widget_type=\"heading.default\">\n\t\t\t\t<div class=\"elementor-widget-container\">\n\t\t\t\t\t<h2 class=\"elementor-heading-title elementor-size-default\">Hakk\u0131m\u0131zda<\/h2>\t\t\t\t<\/div>\n\t\t\t\t<\/div>\n\t\t\t\t<section class=\"elementor-section elementor-inner-section elementor-element elementor-element-5ee618a6 elementor-section-content-middle elementor-section-full_width elementor-section-height-default elementor-section-height-default\" data-id=\"5ee618a6\" data-element_type=\"section\" data-e-type=\"section\" data-settings=\"{&quot;background_background&quot;:&quot;classic&quot;}\">\n\t\t\t\t\t\t<div class=\"elementor-container elementor-column-gap-default\">\n\t\t\t\t\t<div class=\"elementor-column elementor-col-100 elementor-inner-column elementor-element elementor-element-634fc3dd\" data-id=\"634fc3dd\" data-element_type=\"column\" data-e-type=\"column\">\n\t\t\t<div class=\"elementor-widget-wrap elementor-element-populated\">\n\t\t\t\t\t\t<div class=\"elementor-element elementor-element-f50b695 elementor-widget elementor-widget-text-editor\" data-id=\"f50b695\" data-element_type=\"widget\" data-e-type=\"widget\" data-widget_type=\"text-editor.default\">\n\t\t\t\t<div class=\"elementor-widget-container\">\n\t\t\t\t\t\t\t\t\t<h3><strong>Hakk\u0131m\u0131zda<\/strong><\/h3><p>Evren Mira \u0130n\u015faat, sekt\u00f6rdeki uzun y\u0131llara dayanan tecr\u00fcbesiyle modern, estetik ve dayan\u0131kl\u0131 yap\u0131lar in\u015fa eden bir firmad\u0131r. M\u00fc\u015fterilerimizin ihtiya\u00e7lar\u0131n\u0131 \u00f6n planda tutarak, her projemizde kaliteli i\u015f\u00e7ilik, g\u00fcvenilirlik ve yenilik\u00e7i \u00e7\u00f6z\u00fcmler sunmay\u0131 ilke edindik. Hayallerinizi ger\u00e7e\u011fe d\u00f6n\u00fc\u015ft\u00fcrmek i\u00e7in teknolojiyi ve tasar\u0131m\u0131 bir araya getiriyor, ya\u015fam alanlar\u0131n\u0131za de\u011fer kat\u0131yoruz.<\/p><h3><strong>Vizyonumuz<\/strong><\/h3><p>\u0130n\u015faat sekt\u00f6r\u00fcnde yenilik\u00e7i ve s\u00fcrd\u00fcr\u00fclebilir \u00e7\u00f6z\u00fcmlerle fark yaratan bir marka olmak. Kalite ve g\u00fcveni temel alarak, m\u00fc\u015fterilerimize uzun \u00f6m\u00fcrl\u00fc ve modern yap\u0131lar sunarken sekt\u00f6r standartlar\u0131n\u0131 yukar\u0131 ta\u015f\u0131mak.<\/p><h3><strong>Misyonumuz<\/strong><\/h3><p>M\u00fc\u015fteri memnuniyetini en \u00fcst seviyede tutarak g\u00fcvenilir, kaliteli ve estetik projeler ger\u00e7ekle\u015ftirmek. \u00c7evreye duyarl\u0131, modern in\u015faat teknolojileriyle sekt\u00f6rde \u00f6rnek bir firma olmay\u0131 hedefliyoruz. Her projemizde sa\u011flaml\u0131k, estetik ve i\u015flevselli\u011fi bir araya getirerek insanlar\u0131n ya\u015fam kalitesini art\u0131rmay\u0131 ama\u00e7l\u0131yoruz.<\/p>\t\t\t\t\t\t\t\t<\/div>\n\t\t\t\t<\/div>\n\t\t\t\t\t<\/div>\n\t\t<\/div>\n\t\t\t\t\t<\/div>\n\t\t<\/section>\n\t\t\t\t\t<\/div>\n\t\t<\/div>\n\t\t\t\t\t<\/div>\n\t\t<\/section>\n\t\t\t\t<\/div>\n\t\t","protected":false},"excerpt":{"rendered":"<p>Bu alanda EVREN M\u0130RA hakk\u0131nda Bilgi Edinebilirsiniz. Daha Fazla Bilgi Hakk\u0131m\u0131zda Hakk\u0131m\u0131zda Evren Mira \u0130n\u015faat, sekt\u00f6rdeki uzun y\u0131llara dayanan tecr\u00fcbesiyle modern, estetik ve dayan\u0131kl\u0131 yap\u0131lar in\u015fa eden bir firmad\u0131r. M\u00fc\u015fterilerimizin ihtiya\u00e7lar\u0131n\u0131 \u00f6n planda tutarak, her projemizde kaliteli i\u015f\u00e7ilik, g\u00fcvenilirlik ve yenilik\u00e7i \u00e7\u00f6z\u00fcmler sunmay\u0131 ilke edindik. Hayallerinizi ger\u00e7e\u011fe d\u00f6n\u00fc\u015ft\u00fcrmek i\u00e7in teknolojiyi ve tasar\u0131m\u0131 bir araya getiriyor,&#8230;<\/p>\n","protected":false},"author":1,"featured_media":0,"parent":0,"menu_order":0,"comment_status":"closed","ping_status":"open","template":"","meta":{"_kadence_starter_templates_imported_post":false,"_kad_post_transparent":"","_kad_post_title":"hide","_kad_post_layout":"fullwidth","_kad_post_sidebar_id":"","_kad_post_content_style":"unboxed","_kad_post_vertical_padding":"hide","_kad_post_feature":"hide","_kad_post_feature_position":"","_kad_post_header":false,"_kad_post_footer":false,"_kad_post_classname":"","footnotes":""},"class_list":["post-1869","page","type-page","status-publish","hentry"],"aioseo_notices":[],"yoast_head":"<!-- This site is optimized with the Yoast SEO plugin v27.3 - https:\/\/yoast.com\/product\/yoast-seo-wordpress\/ -->\n<title>Hakk\u0131m\u0131zda - EVREN M\u0130RA \u0130N\u015eAAT<\/title>\n<meta name=\"robots\" content=\"index, follow, max-snippet:-1, max-image-preview:large, max-video-preview:-1\" \/>\n<link rel=\"canonical\" href=\"https:\/\/evrenmirainsaat.com\/?page_id=1869\" \/>\n<meta property=\"og:locale\" content=\"en_US\" \/>\n<meta property=\"og:type\" content=\"article\" \/>\n<meta property=\"og:title\" content=\"Hakk\u0131m\u0131zda - EVREN M\u0130RA \u0130N\u015eAAT\" \/>\n<meta property=\"og:description\" content=\"Bu alanda EVREN M\u0130RA hakk\u0131nda Bilgi Edinebilirsiniz. Daha Fazla Bilgi Hakk\u0131m\u0131zda Hakk\u0131m\u0131zda Evren Mira \u0130n\u015faat, sekt\u00f6rdeki uzun y\u0131llara dayanan tecr\u00fcbesiyle modern, estetik ve dayan\u0131kl\u0131 yap\u0131lar in\u015fa eden bir firmad\u0131r. M\u00fc\u015fterilerimizin ihtiya\u00e7lar\u0131n\u0131 \u00f6n planda tutarak, her projemizde kaliteli i\u015f\u00e7ilik, g\u00fcvenilirlik ve yenilik\u00e7i \u00e7\u00f6z\u00fcmler sunmay\u0131 ilke edindik. Hayallerinizi ger\u00e7e\u011fe d\u00f6n\u00fc\u015ft\u00fcrmek i\u00e7in teknolojiyi ve tasar\u0131m\u0131 bir araya getiriyor,...\" \/>\n<meta property=\"og:url\" content=\"https:\/\/evrenmirainsaat.com\/?page_id=1869\" \/>\n<meta property=\"og:site_name\" content=\"EVREN M\u0130RA \u0130N\u015eAAT\" \/>\n<meta property=\"article:modified_time\" content=\"2024-12-13T12:54:01+00:00\" \/>\n<meta name=\"twitter:card\" content=\"summary_large_image\" \/>\n<meta name=\"twitter:label1\" content=\"Est. reading time\" \/>\n\t<meta name=\"twitter:data1\" content=\"1 minute\" \/>\n<script type=\"application\/ld+json\" class=\"yoast-schema-graph\">{\"@context\":\"https:\\\/\\\/schema.org\",\"@graph\":[{\"@type\":\"WebPage\",\"@id\":\"https:\\\/\\\/evrenmirainsaat.com\\\/?page_id=1869\",\"url\":\"https:\\\/\\\/evrenmirainsaat.com\\\/?page_id=1869\",\"name\":\"Hakk\u0131m\u0131zda - EVREN M\u0130RA \u0130N\u015eAAT\",\"isPartOf\":{\"@id\":\"https:\\\/\\\/evrenmirainsaat.com\\\/#website\"},\"datePublished\":\"2024-04-02T14:38:00+00:00\",\"dateModified\":\"2024-12-13T12:54:01+00:00\",\"breadcrumb\":{\"@id\":\"https:\\\/\\\/evrenmirainsaat.com\\\/?page_id=1869#breadcrumb\"},\"inLanguage\":\"en-US\",\"potentialAction\":[{\"@type\":\"ReadAction\",\"target\":[\"https:\\\/\\\/evrenmirainsaat.com\\\/?page_id=1869\"]}]},{\"@type\":\"BreadcrumbList\",\"@id\":\"https:\\\/\\\/evrenmirainsaat.com\\\/?page_id=1869#breadcrumb\",\"itemListElement\":[{\"@type\":\"ListItem\",\"position\":1,\"name\":\"Home\",\"item\":\"https:\\\/\\\/evrenmirainsaat.com\\\/\"},{\"@type\":\"ListItem\",\"position\":2,\"name\":\"Hakk\u0131m\u0131zda\"}]},{\"@type\":\"WebSite\",\"@id\":\"https:\\\/\\\/evrenmirainsaat.com\\\/#website\",\"url\":\"https:\\\/\\\/evrenmirainsaat.com\\\/\",\"name\":\"Duka Savunma\",\"description\":\"Ho\u015fgeldiniz\",\"publisher\":{\"@id\":\"https:\\\/\\\/evrenmirainsaat.com\\\/#organization\"},\"potentialAction\":[{\"@type\":\"SearchAction\",\"target\":{\"@type\":\"EntryPoint\",\"urlTemplate\":\"https:\\\/\\\/evrenmirainsaat.com\\\/?s={search_term_string}\"},\"query-input\":{\"@type\":\"PropertyValueSpecification\",\"valueRequired\":true,\"valueName\":\"search_term_string\"}}],\"inLanguage\":\"en-US\"},{\"@type\":\"Organization\",\"@id\":\"https:\\\/\\\/evrenmirainsaat.com\\\/#organization\",\"name\":\"Duka Savunma\",\"url\":\"https:\\\/\\\/evrenmirainsaat.com\\\/\",\"logo\":{\"@type\":\"ImageObject\",\"inLanguage\":\"en-US\",\"@id\":\"https:\\\/\\\/evrenmirainsaat.com\\\/#\\\/schema\\\/logo\\\/image\\\/\",\"url\":\"https:\\\/\\\/evrenmirainsaat.com\\\/wp-content\\\/uploads\\\/2024\\\/04\\\/cropped-Isimsiz-3.png\",\"contentUrl\":\"https:\\\/\\\/evrenmirainsaat.com\\\/wp-content\\\/uploads\\\/2024\\\/04\\\/cropped-Isimsiz-3.png\",\"width\":512,\"height\":512,\"caption\":\"Duka Savunma\"},\"image\":{\"@id\":\"https:\\\/\\\/evrenmirainsaat.com\\\/#\\\/schema\\\/logo\\\/image\\\/\"}}]}<\/script>\n<!-- \/ Yoast SEO plugin. -->","yoast_head_json":{"title":"Hakk\u0131m\u0131zda - EVREN M\u0130RA \u0130N\u015eAAT","robots":{"index":"index","follow":"follow","max-snippet":"max-snippet:-1","max-image-preview":"max-image-preview:large","max-video-preview":"max-video-preview:-1"},"canonical":"https:\/\/evrenmirainsaat.com\/?page_id=1869","og_locale":"en_US","og_type":"article","og_title":"Hakk\u0131m\u0131zda - EVREN M\u0130RA \u0130N\u015eAAT","og_description":"Bu alanda EVREN M\u0130RA hakk\u0131nda Bilgi Edinebilirsiniz. Daha Fazla Bilgi Hakk\u0131m\u0131zda Hakk\u0131m\u0131zda Evren Mira \u0130n\u015faat, sekt\u00f6rdeki uzun y\u0131llara dayanan tecr\u00fcbesiyle modern, estetik ve dayan\u0131kl\u0131 yap\u0131lar in\u015fa eden bir firmad\u0131r. M\u00fc\u015fterilerimizin ihtiya\u00e7lar\u0131n\u0131 \u00f6n planda tutarak, her projemizde kaliteli i\u015f\u00e7ilik, g\u00fcvenilirlik ve yenilik\u00e7i \u00e7\u00f6z\u00fcmler sunmay\u0131 ilke edindik. Hayallerinizi ger\u00e7e\u011fe d\u00f6n\u00fc\u015ft\u00fcrmek i\u00e7in teknolojiyi ve tasar\u0131m\u0131 bir araya getiriyor,...","og_url":"https:\/\/evrenmirainsaat.com\/?page_id=1869","og_site_name":"EVREN M\u0130RA \u0130N\u015eAAT","article_modified_time":"2024-12-13T12:54:01+00:00","twitter_card":"summary_large_image","twitter_misc":{"Est. reading time":"1 minute"},"schema":{"@context":"https:\/\/schema.org","@graph":[{"@type":"WebPage","@id":"https:\/\/evrenmirainsaat.com\/?page_id=1869","url":"https:\/\/evrenmirainsaat.com\/?page_id=1869","name":"Hakk\u0131m\u0131zda - EVREN M\u0130RA \u0130N\u015eAAT","isPartOf":{"@id":"https:\/\/evrenmirainsaat.com\/#website"},"datePublished":"2024-04-02T14:38:00+00:00","dateModified":"2024-12-13T12:54:01+00:00","breadcrumb":{"@id":"https:\/\/evrenmirainsaat.com\/?page_id=1869#breadcrumb"},"inLanguage":"en-US","potentialAction":[{"@type":"ReadAction","target":["https:\/\/evrenmirainsaat.com\/?page_id=1869"]}]},{"@type":"BreadcrumbList","@id":"https:\/\/evrenmirainsaat.com\/?page_id=1869#breadcrumb","itemListElement":[{"@type":"ListItem","position":1,"name":"Home","item":"https:\/\/evrenmirainsaat.com\/"},{"@type":"ListItem","position":2,"name":"Hakk\u0131m\u0131zda"}]},{"@type":"WebSite","@id":"https:\/\/evrenmirainsaat.com\/#website","url":"https:\/\/evrenmirainsaat.com\/","name":"Duka Savunma","description":"Ho\u015fgeldiniz","publisher":{"@id":"https:\/\/evrenmirainsaat.com\/#organization"},"potentialAction":[{"@type":"SearchAction","target":{"@type":"EntryPoint","urlTemplate":"https:\/\/evrenmirainsaat.com\/?s={search_term_string}"},"query-input":{"@type":"PropertyValueSpecification","valueRequired":true,"valueName":"search_term_string"}}],"inLanguage":"en-US"},{"@type":"Organization","@id":"https:\/\/evrenmirainsaat.com\/#organization","name":"Duka Savunma","url":"https:\/\/evrenmirainsaat.com\/","logo":{"@type":"ImageObject","inLanguage":"en-US","@id":"https:\/\/evrenmirainsaat.com\/#\/schema\/logo\/image\/","url":"https:\/\/evrenmirainsaat.com\/wp-content\/uploads\/2024\/04\/cropped-Isimsiz-3.png","contentUrl":"https:\/\/evrenmirainsaat.com\/wp-content\/uploads\/2024\/04\/cropped-Isimsiz-3.png","width":512,"height":512,"caption":"Duka Savunma"},"image":{"@id":"https:\/\/evrenmirainsaat.com\/#\/schema\/logo\/image\/"}}]}},"_links":{"self":[{"href":"https:\/\/evrenmirainsaat.com\/index.php?rest_route=\/wp\/v2\/pages\/1869","targetHints":{"allow":["GET"]}}],"collection":[{"href":"https:\/\/evrenmirainsaat.com\/index.php?rest_route=\/wp\/v2\/pages"}],"about":[{"href":"https:\/\/evrenmirainsaat.com\/index.php?rest_route=\/wp\/v2\/types\/page"}],"author":[{"embeddable":true,"href":"https:\/\/evrenmirainsaat.com\/index.php?rest_route=\/wp\/v2\/users\/1"}],"replies":[{"embeddable":true,"href":"https:\/\/evrenmirainsaat.com\/index.php?rest_route=%2Fwp%2Fv2%2Fcomments&post=1869"}],"version-history":[{"count":31,"href":"https:\/\/evrenmirainsaat.com\/index.php?rest_route=\/wp\/v2\/pages\/1869\/revisions"}],"predecessor-version":[{"id":2411,"href":"https:\/\/evrenmirainsaat.com\/index.php?rest_route=\/wp\/v2\/pages\/1869\/revisions\/2411"}],"wp:attachment":[{"href":"https:\/\/evrenmirainsaat.com\/index.php?rest_route=%2Fwp%2Fv2%2Fmedia&parent=1869"}],"curies":[{"name":"wp","href":"https:\/\/api.w.org\/{rel}","templated":true}]}}